{"version":"1.0","provider_name":"Honorable Concejo Deliberante de Chivilcoy","provider_url":"http:\/\/chivilcoy.gov.ar\/hcd","author_name":"Soledad Melo","author_url":"http:\/\/chivilcoy.gov.ar\/hcd\/author\/smelo\/","title":"Sesi\u00f3n P\u00fablica Ordinaria 22-05-2025 - Honorable Concejo Deliberante de Chivilcoy","type":"rich","width":600,"height":338,"html":"<blockquote class=\"wp-embedded-content\" data-secret=\"Wh8LQGP4BS\"><a href=\"http:\/\/chivilcoy.gov.ar\/hcd\/2025\/05\/sesion-publica-ordinaria-22-05-2025\/\">Sesi\u00f3n P\u00fablica Ordinaria 22-05-2025<\/a><\/blockquote><iframe sandbox=\"allow-scripts\" security=\"restricted\" src=\"http:\/\/chivilcoy.gov.ar\/hcd\/2025\/05\/sesion-publica-ordinaria-22-05-2025\/embed\/#?secret=Wh8LQGP4BS\" width=\"600\" height=\"338\" title=\"\u00abSesi\u00f3n P\u00fablica Ordinaria 22-05-2025\u00bb \u2014 Honorable Concejo Deliberante de Chivilcoy\" data-secret=\"Wh8LQGP4BS\" frameborder=\"0\" marginwidth=\"0\" marginheight=\"0\" scrolling=\"no\" class=\"wp-embedded-content\"><\/iframe><script type=\"text\/javascript\">\n\/*! This file is auto-generated *\/\n!function(c,d){\"use strict\";var e=!1,o=!1;if(d.querySelector)if(c.addEventListener)e=!0;if(c.wp=c.wp||{},c.wp.receiveEmbedMessage);else if(c.wp.receiveEmbedMessage=function(e){var t=e.data;if(!t);else if(!(t.secret||t.message||t.value));else if(\/[^a-zA-Z0-9]\/.test(t.secret));else{for(var r,s,a,i=d.querySelectorAll('iframe[data-secret=\"'+t.secret+'\"]'),n=d.querySelectorAll('blockquote[data-secret=\"'+t.secret+'\"]'),o=new RegExp(\"^https?:$\",\"i\"),l=0;l<n.length;l++)n[l].style.display=\"none\";for(l=0;l<i.length;l++)if(r=i[l],e.source!==r.contentWindow);else{if(r.removeAttribute(\"style\"),\"height\"===t.message){if(1e3<(s=parseInt(t.value,10)))s=1e3;else if(~~s<200)s=200;r.height=s}if(\"link\"===t.message)if(s=d.createElement(\"a\"),a=d.createElement(\"a\"),s.href=r.getAttribute(\"src\"),a.href=t.value,!o.test(a.protocol));else if(a.host===s.host)if(d.activeElement===r)c.top.location.href=t.value}}},e)c.addEventListener(\"message\",c.wp.receiveEmbedMessage,!1),d.addEventListener(\"DOMContentLoaded\",t,!1),c.addEventListener(\"load\",t,!1);function t(){if(o);else{o=!0;for(var e,t,r,s=-1!==navigator.appVersion.indexOf(\"MSIE 10\"),a=!!navigator.userAgent.match(\/Trident.*rv:11\\.\/),i=d.querySelectorAll(\"iframe.wp-embedded-content\"),n=0;n<i.length;n++){if(!(r=(t=i[n]).getAttribute(\"data-secret\")))r=Math.random().toString(36).substr(2,10),t.src+=\"#?secret=\"+r,t.setAttribute(\"data-secret\",r);if(s||a)(e=t.cloneNode(!0)).removeAttribute(\"security\"),t.parentNode.replaceChild(e,t);t.contentWindow.postMessage({message:\"ready\",secret:r},\"*\")}}}}(window,document);\n<\/script>\n","thumbnail_url":"http:\/\/chivilcoy.gov.ar\/hcd\/wp-content\/uploads\/2025\/05\/WhatsApp-Image-2025-05-22-at-21.40.17.jpeg","thumbnail_width":1600,"thumbnail_height":1066,"description":"En la Sesi\u00f3n P\u00fablica Ordinaria de anoche se trataron y aprobaron un total de 4 expedientes del orden del d\u00eda: -Proyecto de ordenanza del Bloque Primero Chivilcoy para designar como personalidad destacada del Partido de Chivilcoy al Dr. Horacio Vero, en reconocimiento de su destacada trayectoria en el \u00e1mbito del derecho y la literatura. -Proyecto [&hellip;]"}

Sesión Pública Ordinaria 22-05-2025 - Honorable Concejo Deliberante de Chivilcoy

<blockquote class="wp-embedded-content" data-secret="Wh8LQGP4BS"><a href="http://chivilcoy.gov.ar/hcd/2025/05/sesion-publica-ordinaria-22-05-2025/">Sesión Pública Ordinaria 22-05-2025</a></blockquote><iframe sandbox="allow-scripts" security="restricted" src="http://chivilcoy.gov.ar/hcd/2025/05/sesion-publica-ordinaria-22-05-2025/embed/#?secret=Wh8LQGP4BS" width="600" height="338" title="«Sesión Pública Ordinaria 22-05-2025» — Honorable Concejo Deliberante de Chivilcoy" data-secret="Wh8LQGP4BS" frameborder="0" marginwidth="0" marginheight="0" scrolling="no" class="wp-embedded-content"></iframe><script type="text/javascript">
/*! This file is auto-generated */
!function(c,d){"use strict";var e=!1,o=!1;if(d.querySelector)if(c.addEventListener)e=!0;if(c.wp=c.wp||{},c.wp.receiveEmbedMessage);else if(c.wp.receiveEmbedMessage=function(e){var t=e.data;if(!t);else if(!(t.secret||t.message||t.value));else if(/[^a-zA-Z0-9]/.test(t.secret));else{for(var r,s,a,i=d.querySelectorAll('iframe[data-secret="'+t.secret+'"]'),n=d.querySelectorAll('blockquote[data-secret="'+t.secret+'"]'),o=new RegExp("^https?:$","i"),l=0;l<n.length;l++)n[l].style.display="none";for(l=0;l<i.length;l++)if(r=i[l],e.source!==r.contentWindow);else{if(r.removeAttribute("style"),"height"===t.message){if(1e3<(s=parseInt(t.value,10)))s=1e3;else if(~~s<200)s=200;r.height=s}if("link"===t.message)if(s=d.createElement("a"),a=d.createElement("a"),s.href=r.getAttribute("src"),a.href=t.value,!o.test(a.protocol));else if(a.host===s.host)if(d.activeElement===r)c.top.location.href=t.value}}},e)c.addEventListener("message",c.wp.receiveEmbedMessage,!1),d.addEventListener("DOMContentLoaded",t,!1),c.addEventListener("load",t,!1);function t(){if(o);else{o=!0;for(var e,t,r,s=-1!==navigator.appVersion.indexOf("MSIE 10"),a=!!navigator.userAgent.match(/Trident.*rv:11\./),i=d.querySelectorAll("iframe.wp-embedded-content"),n=0;n<i.length;n++){if(!(r=(t=i[n]).getAttribute("data-secret")))r=Math.random().toString(36).substr(2,10),t.src+="#?secret="+r,t.setAttribute("data-secret",r);if(s||a)(e=t.cloneNode(!0)).removeAttribute("security"),t.parentNode.replaceChild(e,t);t.contentWindow.postMessage({message:"ready",secret:r},"*")}}}}(window,document);
</script>

En la Sesión Pública Ordinaria de anoche se trataron y aprobaron un total de 4 expedientes del orden del día: -Proyecto de ordenanza del Bloque Primero Chivilcoy para designar como personalidad destacada del Partido de Chivilcoy al Dr. Horacio Vero, en reconocimiento de su destacada trayectoria en el ámbito del derecho y la literatura. -Proyecto [&hellip;]
