{"version":"1.0","provider_name":"Honorable Concejo Deliberante de Chivilcoy","provider_url":"http:\/\/chivilcoy.gov.ar\/hcd","author_name":"Soledad Melo","author_url":"http:\/\/chivilcoy.gov.ar\/hcd\/author\/smelo\/","title":"Acto en conmemoraci\u00f3n de la Revoluci\u00f3n de Mayo - Honorable Concejo Deliberante de Chivilcoy","type":"rich","width":600,"height":338,"html":"<blockquote class=\"wp-embedded-content\" data-secret=\"SCvwMb6EW8\"><a href=\"http:\/\/chivilcoy.gov.ar\/hcd\/2021\/05\/acto-en-conmemoracion-de-la-revolucion-de-mayo\/\">Acto en conmemoraci\u00f3n de la Revoluci\u00f3n de Mayo<\/a><\/blockquote><iframe sandbox=\"allow-scripts\" security=\"restricted\" src=\"http:\/\/chivilcoy.gov.ar\/hcd\/2021\/05\/acto-en-conmemoracion-de-la-revolucion-de-mayo\/embed\/#?secret=SCvwMb6EW8\" width=\"600\" height=\"338\" title=\"\u00abActo en conmemoraci\u00f3n de la Revoluci\u00f3n de Mayo\u00bb \u2014 Honorable Concejo Deliberante de Chivilcoy\" data-secret=\"SCvwMb6EW8\" frameborder=\"0\" marginwidth=\"0\" marginheight=\"0\" scrolling=\"no\" class=\"wp-embedded-content\"><\/iframe><script type=\"text\/javascript\">\n\/*! This file is auto-generated *\/\n!function(c,d){\"use strict\";var e=!1,o=!1;if(d.querySelector)if(c.addEventListener)e=!0;if(c.wp=c.wp||{},c.wp.receiveEmbedMessage);else if(c.wp.receiveEmbedMessage=function(e){var t=e.data;if(!t);else if(!(t.secret||t.message||t.value));else if(\/[^a-zA-Z0-9]\/.test(t.secret));else{for(var r,s,a,i=d.querySelectorAll('iframe[data-secret=\"'+t.secret+'\"]'),n=d.querySelectorAll('blockquote[data-secret=\"'+t.secret+'\"]'),o=new RegExp(\"^https?:$\",\"i\"),l=0;l<n.length;l++)n[l].style.display=\"none\";for(l=0;l<i.length;l++)if(r=i[l],e.source!==r.contentWindow);else{if(r.removeAttribute(\"style\"),\"height\"===t.message){if(1e3<(s=parseInt(t.value,10)))s=1e3;else if(~~s<200)s=200;r.height=s}if(\"link\"===t.message)if(s=d.createElement(\"a\"),a=d.createElement(\"a\"),s.href=r.getAttribute(\"src\"),a.href=t.value,!o.test(a.protocol));else if(a.host===s.host)if(d.activeElement===r)c.top.location.href=t.value}}},e)c.addEventListener(\"message\",c.wp.receiveEmbedMessage,!1),d.addEventListener(\"DOMContentLoaded\",t,!1),c.addEventListener(\"load\",t,!1);function t(){if(o);else{o=!0;for(var e,t,r,s=-1!==navigator.appVersion.indexOf(\"MSIE 10\"),a=!!navigator.userAgent.match(\/Trident.*rv:11\\.\/),i=d.querySelectorAll(\"iframe.wp-embedded-content\"),n=0;n<i.length;n++){if(!(r=(t=i[n]).getAttribute(\"data-secret\")))r=Math.random().toString(36).substr(2,10),t.src+=\"#?secret=\"+r,t.setAttribute(\"data-secret\",r);if(s||a)(e=t.cloneNode(!0)).removeAttribute(\"security\"),t.parentNode.replaceChild(e,t);t.contentWindow.postMessage({message:\"ready\",secret:r},\"*\")}}}}(window,document);\n<\/script>\n","thumbnail_url":"http:\/\/chivilcoy.gov.ar\/hcd\/wp-content\/uploads\/2021\/05\/E2PzmEAWEAI0SQK.jpg","thumbnail_width":2048,"thumbnail_height":1366,"description":"Ayer por la ma\u00f1ana, se llev\u00f3 a cabo un peque\u00f1o acto con motivo del D\u00eda de la conmemoraci\u00f3n de la Revoluci\u00f3n de Mayo, en el Palacio Municipal, en el cual el Presidente del Honorable Concejo Deliberante Lucas Burgos, acompa\u00f1\u00f3 al intendente Guillermo Britos, quien presidi\u00f3 el mismo. Dicho acto cont\u00f3 con el acompa\u00f1amiento de la [&hellip;]"}

Acto en conmemoración de la Revolución de Mayo - Honorable Concejo Deliberante de Chivilcoy

<blockquote class="wp-embedded-content" data-secret="SCvwMb6EW8"><a href="http://chivilcoy.gov.ar/hcd/2021/05/acto-en-conmemoracion-de-la-revolucion-de-mayo/">Acto en conmemoración de la Revolución de Mayo</a></blockquote><iframe sandbox="allow-scripts" security="restricted" src="http://chivilcoy.gov.ar/hcd/2021/05/acto-en-conmemoracion-de-la-revolucion-de-mayo/embed/#?secret=SCvwMb6EW8" width="600" height="338" title="«Acto en conmemoración de la Revolución de Mayo» — Honorable Concejo Deliberante de Chivilcoy" data-secret="SCvwMb6EW8" frameborder="0" marginwidth="0" marginheight="0" scrolling="no" class="wp-embedded-content"></iframe><script type="text/javascript">
/*! This file is auto-generated */
!function(c,d){"use strict";var e=!1,o=!1;if(d.querySelector)if(c.addEventListener)e=!0;if(c.wp=c.wp||{},c.wp.receiveEmbedMessage);else if(c.wp.receiveEmbedMessage=function(e){var t=e.data;if(!t);else if(!(t.secret||t.message||t.value));else if(/[^a-zA-Z0-9]/.test(t.secret));else{for(var r,s,a,i=d.querySelectorAll('iframe[data-secret="'+t.secret+'"]'),n=d.querySelectorAll('blockquote[data-secret="'+t.secret+'"]'),o=new RegExp("^https?:$","i"),l=0;l<n.length;l++)n[l].style.display="none";for(l=0;l<i.length;l++)if(r=i[l],e.source!==r.contentWindow);else{if(r.removeAttribute("style"),"height"===t.message){if(1e3<(s=parseInt(t.value,10)))s=1e3;else if(~~s<200)s=200;r.height=s}if("link"===t.message)if(s=d.createElement("a"),a=d.createElement("a"),s.href=r.getAttribute("src"),a.href=t.value,!o.test(a.protocol));else if(a.host===s.host)if(d.activeElement===r)c.top.location.href=t.value}}},e)c.addEventListener("message",c.wp.receiveEmbedMessage,!1),d.addEventListener("DOMContentLoaded",t,!1),c.addEventListener("load",t,!1);function t(){if(o);else{o=!0;for(var e,t,r,s=-1!==navigator.appVersion.indexOf("MSIE 10"),a=!!navigator.userAgent.match(/Trident.*rv:11\./),i=d.querySelectorAll("iframe.wp-embedded-content"),n=0;n<i.length;n++){if(!(r=(t=i[n]).getAttribute("data-secret")))r=Math.random().toString(36).substr(2,10),t.src+="#?secret="+r,t.setAttribute("data-secret",r);if(s||a)(e=t.cloneNode(!0)).removeAttribute("security"),t.parentNode.replaceChild(e,t);t.contentWindow.postMessage({message:"ready",secret:r},"*")}}}}(window,document);
</script>

Ayer por la mañana, se llevó a cabo un pequeño acto con motivo del Día de la conmemoración de la Revolución de Mayo, en el Palacio Municipal, en el cual el Presidente del Honorable Concejo Deliberante Lucas Burgos, acompañó al intendente Guillermo Britos, quien presidió el mismo. Dicho acto contó con el acompañamiento de la [&hellip;]
